What is the remainder when 124 is divided by l?
8
Let a = -166 + 416. Calculate the remainder when a is divided by 18.
16
Suppose p - 3*v - 57 = 0, 298 = 5*p + 4*v - 6*v. Let f = 27 + -25. Suppose 2*q + f*q = p. Calculate the remainder when 28 is divided by q.
13
Let j(t) = t + 5. Let o be j(-3). Suppose o*f - 114 = -f. Let y = f - 23. Calculate the remainder when y is divided by 9.
6
Let r(v) = -3*v - 1. Calculate the remainder when r(-4) is divided by (15/(4 + -9))/(-1).
2
Suppose o - 2*o + 21 = 0. What is the remainder when 32 is divided by o?
11
Suppose 0 = 2*w - 3*i - 68, -4*w + 3*i + 134 = -2*i. Calculate the remainder when w is divided by 19.
12
What is the remainder when 2/((-16)/(-1818)) + 52/(-208) is divided by 46?
43
Suppose 32 = 2*b - 4*c, -4*b + 3*c = -17 - 42. Let v = -59 + 113. Let j = v + 14. What is the remainder when j is divided by b?
12
Let f = 23 - -36. Let v = f + -18. What is the remainder when v is divided by 21?
20
Suppose 19*y = 2*y + 527. What is the remainder when 115 is divided by y?
22
Calculate the remainder when (-9 + 2)/7 + (2 - -17) is divided by 13.
5
Let t = -128 + 166. What is the remainder when t is divided by (1 + 11*-1)*-1?
8
Let x be (-392)/(-42)*18/2. Suppose -5*m - x = -9*m. What is the remainder when 79 is divided by m?
16
Let z(y) = y**3 - 21*y**2 + 91*y - 6. What is the remainder when 173 is divided by z(4)?
1
Suppose -5*b - 81 = q - 4*b, 5*q - 3*b + 445 = 0. Let y = -25 - q. Calculate the remainder when y is divided by -38*1/(-2) - -2.
19
Let o be 2/(-2)*-73*-1. Let t = o + 119. Suppose -2*h = -c + t, 2*h - 58 = -2*c + c. Calculate the remainder when c is divided by 18.
16
Let w = -301 + 314. Calculate the remainder when 108 is divided by w.
4
Suppose 0 = -2*v - 5*r + 228, 18*v + 4*r = 14*v + 480. Calculate the remainder when v is divided by 33.
25
Suppose 3*q = 10*q + 42. What is the remainder when 76 is divided by -4 - (-3)/(q/(-86))?
37
Let y(o) = -10*o - 3. Let w be y(12). Let h = 144 + w. Calculate the remainder when 76 is divided by h.
13
Let z be (-10)/4 + (-21)/(-14). Calculate the remainder when 73 is divided by (z/3)/((-5)/285).
16
Let p(t) = t**2 + 21*t + 92. What is the remainder when p(-23) is divided by 15?
3
Let b = -6 - -9. Calculate the remainder when b + 32 - (-3)/(-3) is divided by 10.
4
Suppose 5*l + 5*w = -0*l, -3*l = -4*w. Calculate the remainder when 6/3 - l - -6 is divided by 7.
1
Let d(a) = 6*a + 17. Let u be d(-4). Let m(b) = -b**3 - 8*b**2 - 10*b - 9. What is the remainder when 35 is divided by m(u)?
11
Let h(z) = z**2 + 46*z + 264. Calculate the remainder when 116 is divided by h(-6).
20
Let m(a) = -a**2 - 4*a - 2. Let i be m(-3). Calculate the remainder when (-584)/(-14) + 80/280 is divided by 46/3 + i/(-3).
12
Suppose -q + 3*n = -11, 7 = -5*n - 8. Suppose -5*k + 40 = -2*r, -5*k = q*r + r - 15. What is the remainder when (-4)/(2*6/(-84)) is divided by k?
4
Suppose -3*y + 150 = -y. Let j be (16/24)/((-1)/18). Let w = j + 31. What is the remainder when y is divided by w?
18
Let b = -102 - -999. Calculate the remainder when b is divided by 45.
42
Let p = 372 - 323. What is the remainder when (-97)/(((-9)/6)/3) is divided by p?
47
Suppose z - 20 = -1. Let l = z - 12. Calculate the remainder when 95 is divided by 170/l - (-2)/(-7).
23
Let q(r) = -r**2 - 12*r - 8. Suppose 6*c = 2*c + 4*n + 288, 5*c + 2*n = 360. Calculate the remainder when c is divided by q(-7).
18
Calculate the remainder when (-1675)/(-7) + 178/(-623) is divided by 48.
47
Let y = -1741 - -1792. Calculate the remainder when 91 is divided by y.
40
Suppose 138*w - 4264 = -26*w. Let q(k) = 39*k - 1. Let x be q(-1). Calculate the remainder when (x/6 - -1)*-9 is divided by w.
25
Let g(j) = 8*j - 53. Let y be g(7). Suppose 174 = 3*b + y*b. What is the remainder when 56 is divided by b?
27
Let r(w) = -3*w + 9. Let y be r(15). Let x = 55 + y. Calculate the remainder when 73 is divided by x.
16
Let s(q) be the first derivative of q**4/4 + 5*q**3/3 + 5*q**2/2 + 9*q + 2. Calculate the remainder when 16 is divided by s(-4).
1
What is the remainder when 107 is divided by (-9)/6*(-592)/24?
33
Let z(n) = n**3 - n**2 - 9*n + 27. What is the remainder when 43 is divided by z(0)?
16
Let t(p) be the first derivative of 22*p**3/3 - p**2/2 + 10. What is the remainder when t(1) is divided by 8?
5
Let a(u) = -u**3 - u**2 + 8*u + 6. Calculate the remainder when 76 is divided by a(-4).
10
Let h(x) = x**2 + 47*x - 189. Calculate the remainder when 367 is divided by h(4).
7
Suppose -19 = -r + 4*b, 5*r + 8 - 67 = 2*b. Let p = -25 - -27. Suppose -76 = -3*y + u + 6, p*y - 48 = 2*u. Calculate the remainder when y is divided by r.
7
Suppose 1254 = 303*k - 284*k. Calculate the remainder when k is divided by 19.
9
Suppose 2*g + 18 = -g - 3*j, -j = 0. Let v = -12 + 21. Calculate the remainder when (13 + -4)*(-10)/g is divided by v.
6
Let m(o) = 24*o - 83. Calculate the remainder when m(6) is divided by 34.
27
Suppose 24 = -9*b + 6*b. Let h be (b/(-10))/((-4)/(-10)). Calculate the remainder when 17 is divided by (63/35)/(h/10).
8
Suppose 3*j - 301 = 2*w, 5*w + 96 = 2*j - 90. What is the remainder when j is divided by 34?
1
Suppose 5*f - 5*r - 575 = 0, 2*f + r = -4*r + 209. Calculate the remainder when 141 is divided by f/(-24)*(-108)/14.
33
Suppose -4*w + 3*d + 4305 = 0, -2*w - 2*w - 4*d = -4312. Calculate the remainder when w is divided by 12.
9
Let r = 31 + -39. Calculate the remainder when 56 is divided by (-38)/(r/(3 + 1)).
18
Suppose 5*i - 6*i = 0. Suppose 5*b + i*b = -105. Calculate the remainder when 29 is divided by (-203)/b + (-2)/(-6).
9
Suppose 1153*u + 1119 = 1156*u. What is the remainder when u is divided by 13?
9
Suppose -18*q - 412 + 2410 = 0. What is the remainder when 317 is divided by q?
95
Calculate the remainder when (-17*22)/(32/(-16)) is divided by 19.
16
Let n be ((-23)/(-2))/((-11)/22). Let p = n - -27. What is the remainder when 7 is divided by 10/p - (-6)/4?
3
Suppose 144 = -6*w + 12*w. What is the remainder when w is divided by 4?
0
Suppose 4*s + 24 = 2*m - 6*m, 4*m + 3*s = -26. Let o be 2/m + 35/(-20). Let p(w) = 5*w**2 + 3*w + 1. What is the remainder when p(o) is divided by 4?
3
Let i = 187 + -132. What is the remainder when i is divided by 20?
15
Let x = -123 - -196. Calculate the remainder when x is divided by 13.
8
Let w = -394 + 498. Calculate the remainder when w is divided by 15.
14
Let s be ((-120)/(-48))/(1/10). Suppose 0 = 24*v - s*v + 2. Let d(j) = -j**3 + j**2 - j + 4. What is the remainder when d(0) is divided by v?
0
Suppose 0 = 4*z - 5*s + 1059, -3*s + 294 = -2*z - 235. What is the remainder when 95 is divided by 1/(-4) - (z/8 + 0)?
29
Let s be (351/(-4))/(18/48). Let g = -103 - s. Calculate the remainder when g is divided by 27.
23
Let u(w) = w**3 + 3*w**2 - 2. Let m be u(-3). What is the remainder when 15 is divided by (-92)/(-22) - m/(-11)?
3
Let l(f) = f**2 - 21*f - 81. Suppose 9*x - 28 = 5*x. Calculate the remainder when l(25) is divided by x.
5
Let k(v) be the first derivative of v**4/12 + 3*v**2 + 4*v - 1. Let y(h) be the first derivative of k(h). What is the remainder when y(7) is divided by 28?
27
Suppose -4*w + 2*r + r + 145 = 0, 2*r - 187 = -5*w. Let v be 2/((3/39)/(3 - 2)). Let s = w + v. What is the remainder when s is divided by 22?
19
Suppose 4*g + 7*y - 6*y - 100 = 0, 0 = 4*g + 3*y - 108. What is the remainder when 78 is divided by g?
6
Let s(t) = -1 + 1 + 10*t**2 - t - 1 - 2*t**2. Let w = 4 + -2. What is the remainder when s(w) is divided by 8?
5
Let c be -2*(13/(-2) + -4). What is the remainder when 111 is divided by (-1)/(-3) + 581/c?
27
Let v = -604 + 673. Calculate the remainder when v is divided by 61.
8
Suppose j + 2*x + 14 = 68, 5*x = j - 19. Let y = -8 - -17. What is the remainder when j is divided by y?
8
Let s(x) = 2*x + 14. Suppose 5*u = -n + 26, -u = -2*n - 2*n - 22. Calculate the remainder when 51 is divided by s(u).
25
Let f(x) = 24 - x + 0*x - 21. What is the remainder when 24 is divided by f(-2)?
4
Let j = -30 - -36. Suppose -j*n - n = -35. Calculate the remainder when 7 is divided by n.
2
Let s = -2 - -8. Suppose 664 = 4*a - 4*i, -5*a + i - 43 = -893. Suppose -a = -16*g + 7*g. What is the remainder when g is divided by s?
1
Let r(w) = w**3 + 34*w**2 + 43. Calcu